 -30013300123 + -102?
-30013300231
In base 4, what is 2310111312102 + 1?
2310111312103
In base 15, what is -9 + -50dd7c?
-50dd86
In base 3, what is 2212001 + 12222002?
22211010
In base 9, what is -1134 + -14410?
-15544
In base 16, what is 110 + -a271?
-a161
In base 6, what is 3 - 20120303?
-20120300
In base 8, what is 2025 - 1755023?
-1752776
In base 2, what is -1 + -1101101111111000101?
-1101101111111000110
In base 13, what is -1700b6 + 24?
-170092
In base 3, what is -22121 + 21020111?
20220220
In base 2, what is -101101011000001 + -1110110010001110?
-10100011101001111
In base 7, what is -224136 + 1501?
-222335
In base 8, what is 6245311 - -10?
6245321
In base 2, what is -1001011001100100101111 - -11000?
-1001011001100100010111
In base 11, what is 10625 - 411?
10214
In base 9, what is -2 + -5277585?
-5277587
In base 5, what is -2 + 133123211?
133123204
In base 15, what is -3e2b + -188?
-40b4
In base 14, what is 5bd7b2 - -8?
5bd7ba
In base 3, what is -11210100011021 - -10?
-11210100011011
In base 12, what is 54750 - -92?
54822
In base 10, what is 1920 - -16655?
18575
In base 14, what is 2a2 + c425?
c6c7
In base 16, what is -5b8 + 11ace?
11516
In base 12, what is -1 + 55bb995?
55bb994
In base 8, what is 133 + 63042040?
63042173
In base 9, what is -650443 - 24?
-650467
In base 8, what is -4 + -355130015?
-355130021
In base 16, what is 59b8 + -7f1?
51c7
In base 16, what is 15770 - -1139?
168a9
In base 2, what is 101 + -11001111010110110011111?
-11001111010110110011010
In base 5, what is -124320 - -3101001?
2421131
In base 2, what is 110100000 - 10011010100001001010?
-10011010011010101010
In base 12, what is 7 + 109a3869?
109a3874
In base 7, what is 213344615 + 3?
213344621
In base 10, what is 998 + -16549?
-15551
In base 14, what is 73885a80 - -2?
73885a82
In base 4, what is -2 + -13012231312?
-13012231320
In base 9, what is 1 + -52633760?
-52633758
In base 7, what is 105 - -101624?
102032
In base 7, what is -112461255 + -2?
-112461260
In base 7, what is -312344644 + 6?
-312344635
In base 2, what is -1100 + 1100101010101100001011001?
1100101010101100001001101
In base 9, what is 105284 - 254?
105030
In base 2, what is 1100110 + -111011001101111100?
-111011001100010110
In base 11, what is -3 - -95631000?
95630aa8
In base 14, what is a8351 - 21?
a8330
In base 14, what is 0 - cdd8118?
-cdd8118
In base 11, what is 3972 + 5816?
9688
In base 8, what is 65 + 102104660?
102104745
In base 8, what is -127 - -3546216?
3546067
In base 3, what is 2111212122011 + 1101?
2111212200112
In base 6, what is -52321314 + -3?
-52321321
In base 6, what is 100 - 100132?
-100032
In base 15, what is -44164 - -a8?
-440ab
In base 3, what is 2001121001222010 + -102?
2001121001221201
In base 7, what is 530 + -464161?
-463331
In base 13, what is 1b + -10373?
-10355
In base 5, what is -234111000 - -30?
-234110420
In base 9, what is 78857 + -105?
78752
In base 12, what is 2 + 222500?
222502
In base 13, what is -16a45a19 - -2?
-16a45a17
In base 14, what is -5d - -9ca29?
9c9aa
In base 4, what is -3200221201 - -2120?
-3200213021
In base 4, what is -200210330 + -1001?
-200211331
In base 7, what is 5316 - 1645204?
-1636555
In base 8, what is 10 + 7617062?
7617072
In base 12, what is -83428145 + -4?
-83428149
In base 2, what is 10011001101010110100100111 + -10?
10011001101010110100100101
In base 5, what is 23230 - -2003044?
2031324
In base 9, what is 20312 + -53386?
-33074
In base 12, what is -71 - 638?
-6a9
In base 6, what is -143 - -30434512?
30434325
In base 5, what is 3 - 1443410110?
-1443410102
In base 15, what is 2b32 + -4c?
2ad5
In base 15, what is 2d - 14e530?
-14e502
In base 8, what is -44757612 + -30?
-44757642
In base 16, what is -37344a + 12?
-373438
In base 15, what is -e2948 - 29b?
-e2be4
In base 10, what is -5 - -858749?
858744
In base 9, what is 44521 - 773?
43637
In base 5, what is 213402 - -12144?
231101
In base 15, what is -c3a5 - 41?
-c3e6
In base 16, what is 3 - -1d47f25?
1d47f28
In base 9, what is 118343851 - -3?
118343854
In base 6, what is -130303325 + 0?
-130303325
In base 15, what is -4 - 22e5bcb?
-22e5bd0
In base 11, what is 3 + 1190139?
1190141
In base 6, what is -14120500 - -20?
-14120440
In base 2, what is -10110000011110010110110 - 10000?
-10110000011110011000110
In base 15, what is -1e261c - 6?
-1e2623
In base 2, what is 10101111111110100 - -110110011101?
10110110110010001
In base 5, what is -11442001 + 124?
-11441322
In base 5, what is 112004 + -40242311?
-40130302
In base 14, what is 130d75d - 56?
130d707
In base 9, what is -5276 - 11435?
-16722
In base 14, what is c9d + 333cb?
3428a
In base 3, what is -2 - 20210211022?
-20210211101
In base 14, what is 2bd4114 + -5?
2bd410d
In base 9, what is 2 + 12252242?
12252244
In base 4, what is 103123302130 + -1?
103123302123
In base 2, what is 10111010101110011001 + -1000?
10111010101110010001
In base 16, what is -d61 + b14?
-24d
In base 4, what is 303 + 20010101303?
20010102212
In base 13, what is -2 - -135362c9?
135362c7
In base 3, what is 1000 + 100121000010112?
100121000011112
In base 5, what is 21 - -214214234?
214214310
In base 3, what is 10222221220 - 10201?
10222211012
In base 16, what is -b7b - -1bab0?
1af35
In base 3, what is -102121112 - -20?
-102121022
In base 7, what is -255 - 62144?
-62432
In base 15, what is c075dc + 6?
c075e3
In base 14, what is 3bc5a80 - 7?
3bc5a77
In base 3, what is 2 + 211000002111121021?
211000002111121100
In base 2, what is 101 - 10001010100011?
-10001010011110
In base 15, what is -54c - -6b1?
164
In base 8, what is 33254 + 40?
33314
In base 15, what is 62d + -675a?
-612c
In base 16, what is -2 - 31c1074?
-31c1076
In base 5, what is 142104433 - -4?
142104442
In base 9, what is -3886875 - -14?
-3886861
In base 10, what is -474 + -243778?
-244252
In base 12, what is 5 - -379256?
37925b
In base 3, what is -20210 + 11122202111?
11122111201
In base 7, what is -4162222 + -222?
-4162444
In base 16, what is 32b62 + 1ec?
32d4e
In base 13, what is 430944 - -41?
430985
In base 8, what is -25241 - 144?
-25405
In base 8, what is -1 + -355042521?
-355042522
In base 13, what is -305 + -9139?
-9441
In base 12, what is 15996b5 - 4?
15996b1
In base 16, what is -4305fc - -40?
-4305bc
In base 9, what is 364 + 1825348?
1825723
In base 7, what is 24 + 11600250?
11600304
In base 4, what is -103 - -1232300302?
1232300133
In base 14, what is 3d20 + -d2?
3c2c
In base 6, what is 1 - -450450041?
450450042
In base 3, what is -2211012122012 - 212?
-2211012200001
In base 3, what is -12 - 2100202120122?
-2100202120211
In base 8, what is -162 - 60346?
-60530
In base 4, what is 0 - 2100010101210?
-2100010101210
In base 8, what is -4646066 - 3?
-4646071
In base 10, what is 67615 + 529?
68144
In base 3, what is 2210112112 - -11211?
2210201100
In base 5, what is 10414020133 - 4?
10414020124
In base 12, what is 33503 + 37?
3353a
In base 10, what is 4 + 1883706?
1883710
In base 5, what is -32 - -132220220?
132220133
In base 16, what is -1b74ee - -2?
-1b74ec
In base 3, what is 11 + -2200021102211101?
-2200021102211020
In base 8, what is 333 - -3705030?
3705363
In base 10, what is -178959 - -297?
-178662
In base 15, what is -5 - -40213?
4020d
In base 9, what is 5 - 41472200?
-41472184
In base 7, what is 123106 - -1533?
124642
In base 14, what is -24b - -8b52?
8905
In base 8, what is 4 + -17534176?
-17534172
In base 9, what is -71262 + -835?
-72207
In base 7, what is -41 - 132664556?
-132664630
In base 15, what is 92e + -6818?
-5dd9
In base 10, what is -2049616 + 101?
-2049515
In base 10, what is -62691 - -3073?
-59618
In base 6, what is -4 - 10345421040?
-10345421044
In base 7, what is 2 - 33614212?
-33614210
In base 4, what is 1230021100030 - 10?
1230021100020
In base 8, what is 13721014 - -1?
13721015
In base 2, what is -11000101001110001 - 110010?
-11000101010100011
In base 14, what is -18b3 - 27dcb?
-298a0
In base 4, what is 310 + 122202020011?
122202020321
In base 10, what is -37 - -5199995?
5199958
In base 3, what is -2022022022022 + -2?
-2022022022101
In base 12, what is 4274 + 324?
4598
In base 8, what is -344275 - 46?
-344343
In base 14, what is 2538 + 1c51?
4389
In base 4, what is -30 - -120013312322?
120013312232
In base 16, what is -5 + 2101072?
210106d
In base 14, what is -3368b + 62?
-33629
In bas